be (c/(-3))/(4/(-24)). Calculate the highest common divisor of f and 140.
20
Let b = 66 + -17. Calculate the greatest common divisor of b and 7.
7
Let n(y) = -y**2 - 12*y - 16. Let c be n(-11). Let d(i) = -2*i - 4. Let w be d(c). Let o be -8*3/w - -20. Calculate the greatest common factor of 4 and o.
4
Suppose 24 = 5*i + 4*o - 3*o, -2*o = -5*i + 12. Suppose f + 1 = -i*n, -3*n = -4*f - 13 + 85. What is the greatest common factor of 15 and f?
15
Let f(h) = 107*h**2 - 2*h + 0 + 8 - 5. Let k be f(1). Let l(s) = 4*s - 10. Let x be l(7). What is the greatest common divisor of x and k?
18
Let i(x) = 3*x**2 + x + 19. Let o be i(0). Suppose 60 = 23*u - o*u. Suppose -2*t + 6*t - 540 = 0. Calculate the greatest common divisor of u and t.
15
Let w = -3 - -6. Suppose 13 = -5*t + 2*f, 0 = -2*t + 3*f - 0*f - 3. Let i be (0/(-2) + t)*-1. What is the greatest common factor of i and w?
3
Let b(p) be the second derivative of -7/6*p**3 + 0 + 15/2*p**2 - 9*p. Let c be b(-12). Calculate the greatest common divisor of 9 and c.
9
Let l(k) = -k**3 + 19*k + 2. Let r be l(4). Calculate the highest common factor of 126 and r.
14
Let m be 3*27*-1*-1. Let r be (3/5)/(2/90). Suppose a = -5*z + 4*z + r, 108 = 4*z - 5*a. What is the highest common factor of m and z?
27
Let q = 32 - 28. Suppose -q*b + 2*f + 106 = 0, -30 = -b + f + 3*f. Let h = b + -22. Calculate the greatest common factor of h and 2.
2
Let q(j) = 40*j - 6. Let o(s) = -81*s + 13. Let h(l) = 2*o(l) + 5*q(l). Let a be h(2). Calculate the highest common divisor of 24 and a.
24
Let z = 67 + -61. Calculate the greatest common divisor of z and 9.
3
Suppose 630 = 17*d - 2*d. Let l = 4 + -35. Let m = 52 + l. Calculate the highest common divisor of d and m.
21
Let w be (6/(-12))/(2/(-8)). Suppose -w*k = -434 + 82. What is the highest common divisor of 16 and k?
16
Let j = 504 + -330. What is the highest common factor of j and 87?
87
Suppose 0 = -3*y + 2*d + 421, -y + d + 52 = -87. Calculate the greatest common factor of y and 26.
13
Let o(s) = 129*s - 227. Let n be o(3). Calculate the greatest common factor of 50 and n.
10
Let k(v) = -2*v**2 + 16*v - 17. Suppose 0 = -g - g + 3*s + 15, -4 = -g - 2*s. Let t be k(g). Calculate the highest common divisor of t and 63.
7
Let f = -219 - -475. Let a(h) = 4*h**2 - h - 1. Let m be a(3). What is the greatest common divisor of f and m?
32
Let j(y) = 2*y**3 - 51*y**2 - 10*y - 178. Let z be j(26). What is the greatest common divisor of z and 8?
2
Suppose -11*k = -6*k - 1390. Suppose -5*g - k = -4*l + 279, -g = -l + 140. Calculate the greatest common divisor of 13 and l.
13
Suppose -4*o + 5*n = -866, 5*o - 428 = 3*o + 5*n. What is the greatest common factor of o and 146?
73
Suppose -18 - 22 = 5*d. Let o be ((-4)/d)/(3/576). Calculate the greatest common factor of o and 12.
12
Suppose 10*a - 24 = 2*a. Suppose -a*m - 35 = -10*m. What is the highest common divisor of 1 and m?
1
Let m(s) = 29*s + 3. Let a be m(3). Suppose -g - 3*g = -240. Suppose t - 7*t = -g. What is the greatest common divisor of a and t?
10
Let u = 14 + -11. Suppose -t - 1 = -u. Suppose -t*g + 12 + 12 = 0. What is the highest common divisor of 18 and g?
6
Suppose 24*m - 10 = 206. Calculate the greatest common divisor of m and 72.
9
Let t(x) = 64*x + 6543. Let q be t(-102). Let o be ((-15)/(-2))/5*10. What is the highest common divisor of q and o?
15
Let t be 110 + 0*2/2. Let o(u) = -u**2 - 19*u - 15. Let a be o(-16). Let z = 77 - a. Calculate the greatest common divisor of z and t.
22
Let r be (-1675)/(-150) - (-2)/(-12). Suppose -2*c - 4*z + 18 = 0, 6*c - 4*c + 12 = 2*z. Let n be (3/2 + c)*22. What is the highest common factor of n and r?
11
Let b = -15 - -39. Suppose 2*l - b = -l. Let o = -23 - -79. What is the greatest common divisor of o and l?
8
Let x(o) = 2*o**3 + 35*o**2 + 13*o + 10. Let l be x(-11). What is the highest common factor of 45 and l?
45
Suppose 5*b - 3*y - 214 = 0, -4 = -2*y - 0*y. Calculate the highest common divisor of 484 and b.
44
Suppose 83 = -3*w - 4*c + 2*c, 33 = -w + 2*c. Let j = w - -37. Calculate the highest common factor of j and 12.
4
Suppose -7*v + 4200 = 18*v. Calculate the greatest common factor of 196 and v.
28
Let x be ((-96)/(-20))/((-5)/(-25)). Suppose 0*h - 2*h = 4*n - 18, x = 4*h - 4*n. What is the greatest common divisor of h and 21?
7
Let d be (6/1)/((-2)/(-14)). Let n be 2/(-3) - 212/6. Let a = 50 + n. Calculate the greatest common divisor of d and a.
14
Let p(f) = -f + 1. Let v(s) = 15. Let k(j) = -3*p(j) + v(j). Let x be k(8). What is the highest common divisor of 180 and x?
36
Let m be (-1 + 2)*(-2 - (-44)/4). Suppose m*y + v = 4*y + 27, 0 = 5*y + 3*v - 31. Calculate the greatest common divisor of 20 and y.
5
Let r(h) = 3*h - 4. Let j be r(4). Let z = j + -5. Suppose 4*u + 18 = 2*n - 0*n, -z*n + 37 = 4*u. What is the highest common divisor of 44 and n?
11
Let g = -203 + 208. Let m = 18 - 13. What is the greatest common divisor of g and m?
5
Suppose 0 = -u + 7*u - 228. Suppose l + 2 + 3 = 0, 0 = 2*k - l + 19. Let c be k/(-66) - 414/(-22). What is the greatest common factor of c and u?
19
Let b be (-18)/(-2) - (-2 + 6). Suppose -b*m + 47 = -173. What is the greatest common divisor of m and 11?
11
Let d be (10*1)/(0 + 1). Let n = -8 + 13. Suppose 12 = 2*c + 2*i, -2*i - 13 = 2*c - n*i. What is the greatest common divisor of d and c?
1
Suppose -11*w = -1347 - 5462. Suppose 10*h - 671 - w = 0. Calculate the greatest common factor of h and 43.
43
Let k = 212 - 202. Calculate the greatest common divisor of k and 270.
10
Let o be ((-14)/3)/(2 + 160/(-72)). Suppose 5*a - 46 = -o. Let r(h) = 13*h - 4. Let m be r(3). Calculate the highest common divisor of m and a.
5
Suppose 2*i = 6*i + 12. Let f(h) = -9*h + 88. Let s be f(9). Let a = i + s. Calculate the greatest common factor of a and 44.
4
Let d(k) = -4*k - 9. Let l be d(-6). Suppose -t - 4*t = l. Let i = 22 + t. What is the highest common divisor of i and 209?
19
Let j be -34*(-18 - 5/(-25)*0). Calculate the highest common factor of 9 and j.
9
Let g(u) = 48*u + 115. Let o be g(6). Calculate the greatest common divisor of o and 26.
13
Suppose -5*j - 12 = -2*u, -2*j + u - 7 = -2. Let z be 39/3*(j + 2 + 2). What is the highest common divisor of 156 and z?
26
Let f be (912/285)/(1/5). Calculate the highest common factor of 200 and f.
8
Let i be (9/216*6)/((-5)/(-740)). What is the greatest common divisor of i and 2183?
37
Suppose -2*x + 30 = 4*f, 2 = -2*x - 2*f + 26. Suppose y + 4*y + 20 = 0. Let b = x + y. Calculate the highest common divisor of b and 15.
5
Let k(l) = -4*l - 1. Let t(o) = o**3 + 3*o**2 - 3*o + 3. Let c be t(-4). Let j be k(c). Suppose j = -2*v + 7. Calculate the highest common divisor of 10 and v.
2
Let r = -85 - -82. Let o be ((-1)/(-5))/(r + 16/5). Let q(p) = 9*p**2. Let n be q(1). Calculate the highest common factor of n and o.
1
Let h = 59 - -1. Let y(d) = d + 3. Let i be y(-3). Suppose i = -5*l + 42 + 33. What is the highest common divisor of h and l?
15
Let r = -2100 + 2460. What is the greatest common factor of r and 135?
45
Let z = -1 - -22. Let p(y) = 2*y**3 - 6*y**2 - 35*y + 21. Let m be p(7). What is the highest common factor of z and m?
21
Suppose 2*t + 0*t + 170 = 0. Let z = t + 125. Let h be 2 - z/(-2 + -2). Calculate the greatest common factor of 60 and h.
12
Suppose 0*z - 5*z = -4*k + 223, -3*k + 3*z + 165 = 0. What is the greatest common factor of k and 12?
4
Let j(k) = -3*k**3 - k**2 + 4*k + 6. Suppose g + 3 - 1 = 0. Let b be j(g). Calculate the greatest common divisor of 288 and b.
18
Let n(p) = 2*p**2 - 8*p + 5. Let g be n(5). Let v be (-2 + (-26)/(-8))/(4/48). What is the highest common factor of g and v?
15
Let g = 22 + -9. Let y = -1582 + 1725. Calculate the highest common divisor of y and g.
13
Let a be 1*((1 - 4) + 79). Let v = 139 - a. Calculate the greatest common divisor of v and 21.
21
Suppose 4*p - 834 = -2*y, 2*p + 56*y - 52*y - 408 = 0. Calculate the highest common factor of 84 and p.
42
Suppose 3*j + 2*c - 51 = -0*j, -2*j + 4*c + 50 = 0. Calculate the greatest common factor of j and 323.
19
Let s = -77 - -88. Let c be -6*33/s*66/(-4). What is the highest common factor of c and 27?
27
Let p = -1474 + 1525. What is the greatest common factor of p and 272?
17
Let m = -482 + 537. Cal